*o**3 - o**2 + 1. Determine m(-2).
-19
Let l(n) = n**2 + 7*n - 8. Give l(8).
112
Let h(l) = -3*l**2 + 16*l - 7. What is h(6)?
-19
Let z(h) = -h**2 - 6*h + 35. Determine z(-9).
8
Let m(y) = -10*y + 1. Calculate m(-1).
11
Let v(x) = 4*x**2 - 16*x + 19. Give v(5).
39
Let m(q) = q**2 - 12*q + 2. What is m(11)?
-9
Let d(x) = -x**2 + 28*x - 64. Determine d(29).
-93
Let z(c) = -8*c - 50. Give z(-6).
-2
Let h(p) = 20*p - 57. What is h(3)?
3
Let o(k) = -k**2 + 14*k + 32. What is o(16)?
0
Let u(w) = w - 6. Calculate u(6).
0
Let g(o) = -o**3 - 15*o**2 + 12*o - 22. Calculate g(-16).
42
Let j(r) = -2*r**3 - 28*r**2 + 30*r + 5. What is j(-15)?
5
Let t(q) = q**3 - q + 2. Determine t(1).
2
Let t(o) = 2*o**2 - 6*o + 3. Calculate t(4).
11
Let m(f) = -10*f - 389. Determine m(-39).
1
Let g(h) = 17*h - 37. Give g(3).
14
Let p(r) = -2*r**3 + 16*r**2 + 39*r + 6. What is p(10)?
-4
Let y(o) = 8*o**2. Give y(-1).
8
Let u(n) = n**3 + 2*n**2 - 26*n + 5. Calculate u(4).
-3
Let l(m) = -m**3 + 7*m**2 + 11*m - 26. Determine l(8).
-2
Let b(o) = -o**2 + 22*o - 86. What is b(5)?
-1
Let l(h) = -h - 2. Determine l(-5).
3
Let h(v) = v**2 + 4*v - 4. What is h(0)?
-4
Let i(n) = -n**2 - 21*n + 64. Calculate i(-19).
102
Let f(v) = -2*v**2 + 4*v - 2. Give f(5).
-32
Let z(s) = 7*s - 83. Give z(14).
15
Let s(j) = -j**3 - 8*j**2 - 11*j - 4. Calculate s(-6).
-10
Let f(b) = b**3 - 5*b**2 - b + 3. What is f(3)?
-18
Let m(k) = -5*k - 64. Determine m(-16).
16
Let r(o) = -o - 9. Give r(-9).
0
Let f(n) = 2*n - 17. Calculate f(9).
1
Let c(x) = 3*x + 22. Calculate c(5).
37
Let v(f) = 4*f + 3. Calculate v(-9).
-33
Let o(i) = -2*i + 50. What is o(29)?
-8
Let v(f) = f**2 + 2*f. What is v(4)?
24
Let p(f) = -f**3 + f**2 - 2*f + 2. What is p(3)?
-22
Let x(w) = w**3 - 8*w**2 + 18*w - 56. What is x(6)?
-20
Let f(g) = -2*g**3 - 3*g**2 - g. Determine f(-2).
6
Let v(t) = -t + 9. Calculate v(9).
0
Let l(o) = -o**3 + 15*o**2 + o - 18. Give l(15).
-3
Let i(m) = -m**2 - m + 2. Calculate i(4).
-18
Let h(x) = -x**3 + 25*x**2 + 6*x - 148. Calculate h(25).
2
Let r(h) = h**3 - 17*h**2 + h + 40. Give r(17).
57
Let q(i) = 20*i + 9. What is q(-1)?
-11
Let j(x) = 74*x + 2. What is j(0)?
2
Let j(i) = -i**2 + 8*i - 4. What is j(8)?
-4
Let z(o) = -o**3 + 12*o**2 + 34*o - 88. Determine z(14).
-4
Let q(n) = n**3 + 52*n**2 + n + 56. Give q(-52).
4
Let h(d) = -9*d - 670. Determine h(-75).
5
Let c(g) = g**3 - 7*g**2 + 11*g - 3. What is c(3)?
-6
Let l(c) = 5*c + 5. Calculate l(-7).
-30
Let w(j) = j**2 - 16*j + 24. Determine w(6).
-36
Let d(h) = -50*h**3 - h**2 - 3*h - 2. What is d(-1)?
50
Let d(s) = -10*s - 105. Determine d(-7).
-35
Let j(g) = -g**2 + 14*g + 62. What is j(19)?
-33
Let p(i) = i**3 + 4*i**2 - 2*i + 4. What is p(-5)?
-11
Let m(p) = -p**2 + 19*p - 51. What is m(15)?
9
Let x(u) = 2*u - 40. Give x(20).
0
Let c(g) = -2*g**2 - 16*g + 19. Determine c(-10).
-21
Let g(t) = -t**3 - 12*t**2 - t - 12. Determine g(-12).
0
Let c(t) = t**2 - 16*t - 42. Determine c(19).
15
Let b(w) = w**3 + 12*w**2 + 12*w - 9. Calculate b(-11).
-20
Let k(d) = 2*d**2 + 16*d + 8. Calculate k(-7).
-6
Let t(b) = 2*b**3 + b**2 - b - 8. What is t(0)?
-8
Let h(o) = -7*o - 25. Calculate h(-3).
-4
Let h(c) = 2*c - 3. Determine h(6).
9
Let x(f) = -f**2 + 11*f + 20. Give x(13).
-6
Let l(y) = -y**2 + 2*y - 35. Calculate l(0).
-35
Let c(u) = u**3 + 13*u**2 + 11*u - 15. Determine c(-12).
-3
Let h(o) = -24*o + 3. Calculate h(-3).
75
Let l(i) = i**3 + 4*i**2 + i + 1. Determine l(-4).
-3
Let o(q) = q**3 - 2*q**2 - q - 4. Determine o(3).
2
Let w(l) = 5*l + 23. Determine w(-4).
3
Let f(k) = 35*k - 178. What is f(5)?
-3
Let m(s) = -s**3 - 8*s**2 + 2*s. Calculate m(-7).
-63
Let m(i) = -i**3 - i**2 + 1. Give m(0).
1
Let n(f) = -6*f - 15. Give n(-2).
-3
Let c(f) = -2*f**2 + 10*f - 4. Determine c(5).
-4
Let l(c) = -c**3 + 8*c**2 - 6*c - 6. Determine l(6).
30
Let t(m) = 3*m**2 + 31*m - 19. What is t(-11)?
3
Let i(j) = 2*j**3 - j**2 - j + 1. Give i(-2).
-17
Let v(d) = 2*d**2 + 3*d. Give v(-3).
9
Let a(g) = -g**3 - 26*g**2 - 26*g - 22. Give a(-25).
3
Let x(j) = -j**3 - 4*j**2 + 14*j - 2. Calculate x(-6).
-14
Let n(x) = x**2 - 9*x + 9. Determine n(6).
-9
Let k(y) = -14*y + 329. What is k(26)?
-35
Let w(h) = -h**2 + 11*h + 16. Determine w(11).
16
Let n(q) = q - 1. Give n(9).
8
Let i(t) = -2*t**2 - 31*t - 33. What is i(-14)?
9
Let i(u) = -u**3 - 4*u**2 - 8*u + 2. Calculate i(-6).
122
Let s(j) = j + 18. What is s(-17)?
1
Let o(b) = b + 38. Give o(-35).
3
Let d(p) = 2*p**3 - p**2 - 5*p + 3. Calculate d(2).
5
Let v(m) = -m - 17. Determine v(-6).
-11
Let b(w) = w**3 + 17*w**2 + 3*w - 11. What is b(-17)?
-62
Let d(p) = 2*p**2 - 20*p + 13. Determine d(9).
-5
Let n(v) = -v + 7. Calculate n(-5).
12
Let y(k) = k**3 - 16*k**2 + 14*k + 21. What is y(15)?
6
Let h(i) = 7*i + 66. Calculate h(-9).
3
Let t(u) = 18*u - 88. What is t(5)?
2
Let a(d) = -8*d - 132. Determine a(-15).
-12
Let b(z) = -z**2 - 16*z + 2. Calculate b(-16).
2
Let g(m) = -m**3 - 10*m**2 - 10*m - 21. Calculate g(-9).
-12
Let i(z) = -46*z**2 + z + 1. What is i(-1)?
-46
Let r(c) = c - 10. Calculate r(-3).
-13
Let a(j) = -j + 57. Calculate a(-8).
65
Let r(z) = z**3 + 7*z**2 - 25*z - 13. Calculate r(-10).
-63
Let m(g) = -7*g**3 + 2*g**2 + g - 1. Give m(-1).
7
Let f(h) = -h**2 + 10*h - 17. Give f(7).
4
Let j(d) = d**3 - 25*d**2 + 22*d + 34. Give j(24).
-14
Let t(f) = 2*f - 13. What is t(13)?
13
Let l(b) = 5*b - 14. Give l(3).
1
Let i(w) = -w**3 + 3*w**2 + w - 3. Determine i(4).
-15
Let y(o) = 7*o - 1. Give y(-1).
-8
Let w(d) = -d**2 - 28*d - 37. Give w(-25).
38
Let n(t) = t**3 + 6*t**2 - t + 4. Calculate n(-6).
10
Let z(i) = 5*i**2 - 65*i - 88. What is z(14)?
-18
Let w(n) = -4*n**3 + 2*n**2 - 3*n + 2. Calculate w(1).
-3
Let k(s) = s**3 - 2*s**2 + 8. Determine k(0).
8
Let g(x) = x**2 - 35*x + 10. Determine g(34).
-24
Let i(h) = h**3 - 7*h**2 + 8*h - 8. What is i(5)?
-18
Let v(t) = -2*t + 45. Calculate v(23).
-1
Let l(j) = -j**3 - 8*j**2 - 17*j - 4. What is l(-5)?
6
Let z(f) = -f**3 - 4*f**2 - 14*f - 58. Calculate z(-4).
-2
Let a(t) = -t**2 + 12*t - 10. Give a(12).
-10
Let m(l) = l**2 - l. Calculate m(4).
12
Let q(s) = -s**3 + 5*s**2 + 9*s - 21. Determine q(6).
-3
Let j(h) = 22*h - 5. Give j(4).
83
Let l(q) = q**3 - 6*q**2 - 3*q - 3. Determine l(6).
-21
Let m(g) = 8*g + 100. Determine m(-13).
-4
Let s(c) = 12*c + 1. Determine s(1).
13
Let q(x) = -x**2 - 16*x - 37. Give q(-14).
-9
Let t(q) = 8*q + 20. Calculate t(-3).
-4
Let b(o) = -o**3 + 4*o**2 + 8*o - 5. Determine b(5).
10
Let z(a) = -11*a + 218. Determine z(22).
-24
Let k(s) = 17*s**2 - 1. Give k(1).
16
Let l(g) = g + 9. Determine l(-6).
3
Let d(z) = -31*z + 6. Calculate d(-3).
99
Let z(k) = -k**3 + 6*k**2 + 7*k + 12. What is z(7)?
12
Let p(d) = d**2 - 11*d + 18. What is p(8)?
-6
Let r(c) = -c**2 - c + 8. Give r(0).
8
Let h(w) = -w + 6. Calculate h(3).
3
Let z(t) = -t**3 - 11*t**2 - 29*t - 6. Determine z(-6).
-12
Let c(v) = 3*v + 19. What is c(-7)?
-2
Let y(o) = -2*o - 17. Give y(-14).
11
Let x(i) = 2*i**2 + 12*i - 7. Determine x(-9).
47
Let y(r) = -2*r**2 - 53*r + 50. Calculate y(-29).
-95
Let a(t) = 3*t - 17. Calculate a(7).
4
Let l(t) = -t**2 + 43*t - 47. Give l(42).
-5
Let a(h) = -8*h**2 - 150*h + 38. Determine a(-19).
0
Let s(i) = i**2 + 12*i - 3. Determine s(-10).
-23
Let s(h) = h**3 + 6*h**2 + 4*h + 9. Calculate s(-4).
25
Let x(y) = -14*y - 7. Give x(0).
-7
Let d(q) = 2*q**3 + q**2 + 4*q - 3. Determine d(2).
25
Let o(f) = -5*f - 163. Calculate o(-31).
-8
Let y(c) = -43*c - 10. What is y(-5)?
205
Let q(z) = 2*z - 9. Determine q(7).
5
Let t(q) = -q**3 + 10*q**2 + 8*q + 25. Determine t(11).
-8
Let q(r) = 8*r + 3. Give q(-5).
-37
Let l(j) = j - 15. What is l(0)?
-15
Let z(f) = -f**3 + f**2 + f - 19. What is z(0)?
-19
Let s(j) = j**2 + 4*j - 52. Calculate s(-12).
44
Let k(i) = -11*i - 2. Calculate k(3).
-35
Let c(a) = -133*a + 6. Determine c(1).
-127
Let s(z) = -z**2 + 18*z + 4. Determine s(18).
4
Let p(x) = x**2 + x - 19. Determine p(0).
-19
Let h(x) = -x**2 - 7*x + 119. Calculate h(-16).
-25
Let f(n) = n**2 - 6*n + 6. What is f(4)?
-2
Let d(i) = -27*i**3 + 2*i**2 - i. What is d(1)?
-26
Let j(a) = a**2 - 22*a - 98. What is j(26)?
6
Let g(z) = -14*z**3 + 5*z**2 + 7*z + 4. Determine g(-1).
16
Let j(z) = z**3 + z**2 - 7*z + 6. Calculate j(1).
1
Let y(z) = -z**2 + z - 7. Gi